69, 863
What are the prime factors of 1221436?
2, 47, 73, 89
List the prime factors of 1634373.
3, 13, 61, 229
What are the prime factors of 10546358?
2, 17, 310187
What are the prime factors of 38751?
3, 12917
What are the prime factors of 24600993?
3, 67, 122393
What are the prime factors of 2926238?
2, 7, 197, 1061
What are the prime factors of 56922?
2, 3, 53, 179
What are the prime factors of 213701?
29, 7369
List the prime factors of 16801488.
2, 3, 11, 10607
What are the prime factors of 4911577?
11, 151, 2957
What are the prime factors of 127857?
3, 17, 23, 109
List the prime factors of 1585031.
7, 226433
List the prime factors of 22785625.
5, 36457
List the prime factors of 1274473.
17, 61, 1229
What are the prime factors of 303714?
2, 3, 47, 359
List the prime factors of 9134549.
179, 51031
What are the prime factors of 24462122?
2, 12231061
List the prime factors of 12758805.
3, 5, 281, 1009
List the prime factors of 30170.
2, 5, 7, 431
List the prime factors of 4861438.
2, 107, 22717
List the prime factors of 316652.
2, 7, 43, 263
List the prime factors of 1006573.
787, 1279
What are the prime factors of 87002?
2, 41, 1061
What are the prime factors of 306475?
5, 13, 23, 41
What are the prime factors of 16430148?
2, 3, 7, 103, 211
List the prime factors of 9408722.
2, 919, 5119
What are the prime factors of 24593546?
2, 113, 108821
List the prime factors of 1946325.
3, 5, 25951
List the prime factors of 288787.
317, 911
List the prime factors of 2197516.
2, 549379
What are the prime factors of 80592?
2, 3, 23, 73
List the prime factors of 20977154.
2, 11, 953507
What are the prime factors of 80006?
2, 109, 367
What are the prime factors of 1868081?
71, 83, 317
List the prime factors of 172875.
3, 5, 461
What are the prime factors of 20172796?
2, 7, 727, 991
What are the prime factors of 1282384?
2, 80149
What are the prime factors of 3312176?
2, 7, 29573
List the prime factors of 1333695.
3, 5, 11, 59, 137
What are the prime factors of 23780181?
3, 7926727
What are the prime factors of 169607?
169607
What are the prime factors of 587521?
11, 53411
List the prime factors of 1249965.
3, 5, 47, 197
What are the prime factors of 39788?
2, 7, 29
What are the prime factors of 9496632?
2, 3, 47, 8419
What are the prime factors of 2110647?
3, 7, 11, 9137
What are the prime factors of 184711?
184711
What are the prime factors of 615192?
2, 3, 25633
List the prime factors of 3878043.
3, 13, 7649
List the prime factors of 625851.
3, 69539
What are the prime factors of 9235303?
7, 11, 31, 53, 73
What are the prime factors of 14818964?
2, 3704741
What are the prime factors of 13180087?
61, 433, 499
What are the prime factors of 1943704?
2, 7, 61, 569
List the prime factors of 1921869.
3, 19, 11239
List the prime factors of 3004334.
2, 31, 47, 1031
What are the prime factors of 1310658?
2, 3, 19, 11497
What are the prime factors of 115794?
2, 3, 7, 919
List the prime factors of 369995.
5, 73999
What are the prime factors of 2642830?
2, 5, 264283
What are the prime factors of 132949?
132949
What are the prime factors of 552621?
3, 23, 8009
List the prime factors of 18088839.
3, 223319
What are the prime factors of 366552?
2, 3, 1697
List the prime factors of 283638.
2, 3, 41, 1153
List the prime factors of 19285874.
2, 19, 507523
What are the prime factors of 9062980?
2, 5, 263, 1723
List the prime factors of 420274.
2, 17, 47, 263
What are the prime factors of 1113799?
19, 31, 61
List the prime factors of 252023.
43, 5861
What are the prime factors of 634496?
2, 4957
List the prime factors of 517099.
11, 29, 1621
List the prime factors of 709889.
131, 5419
What are the prime factors of 8883904?
2, 127, 1093
What are the prime factors of 1365907?
1365907
What are the prime factors of 18770266?
2, 9385133
List the prime factors of 26735235.
3, 5, 113, 15773
What are the prime factors of 474706?
2, 71, 3343
List the prime factors of 41106433.
41106433
List the prime factors of 628789.
7, 43, 2089
List the prime factors of 82084.
2, 20521
List the prime factors of 2338471.
2338471
What are the prime factors of 320621?
7, 163, 281
What are the prime factors of 14744126?
2, 7372063
What are the prime factors of 1912069?
1912069
What are the prime factors of 331992?
2, 3, 29, 53
List the prime factors of 7699784.
2, 701, 1373
What are the prime factors of 10056328?
2, 1257041
What are the prime factors of 1401198?
2, 3, 43, 5431
What are the prime factors of 40666417?
11, 3696947
List the prime factors of 7888528.
2, 139, 3547
List the prime factors of 164633.
7, 29, 811
List the prime factors of 174071.
174071
List the prime factors of 8824719.
3, 2941573
List the prime factors of 44841.
3, 14947
List the prime factors of 3752526.
2, 3, 311, 2011
List the prime factors of 7614939.
3, 2538313
List the prime factors of 7792271.
29, 47, 5717
List the prime factors of 18511527.
3, 23, 268283
What are the prime factors of 15618?
2, 3, 19, 137
List the prime factors of 13030018.
2, 6515009
What are the prime factors of 1129302?
2, 3, 6971
List the prime factors of 317301.
3, 105767
List the prime factors of 5170564.
2, 7, 47, 3929
What are the prime factors of 270328?
2, 33791
List the prime factors of 1294600.
2, 5, 6473
List the prime factors of 410267.
11, 13, 19, 151
List the prime factors of 626908.
2, 156727
What are the prime factors of 48923?
7, 29, 241
What are the prime factors of 12586161?
3, 7, 599341
List the prime factors of 270547.
270547
What are the prime factors of 160935?
3, 5, 10729
List the prime factors of 337634.
2, 11, 103, 149
What are the prime factors of 985831?
7, 11, 31, 59
List the prime factors of 6820065.
3, 5, 7, 1031
What are the prime factors of 1457769?
3, 485923
List the prime factors of 5538729.
3, 7, 73, 3613
What are the prime factors of 1589802?
2, 3, 257, 1031
List the prime factors of 83934.
2, 3, 4663
What are the prime factors of 825289?
41, 20129
What are the prime factors of 10657127?
13, 61, 89, 151
List the prime factors of 288660.
2, 3, 5, 17, 283
List the prime factors of 10082896.
2, 630181
What are the prime factors of 40537500?
2, 3, 5, 23, 47
List the prime factors of 30027327.
3, 11, 331, 2749
List the prime factors of 1283236.
2, 53, 6053
List the prime factors of 9617729.
11, 563, 1553
List the prime factors of 308417.
179, 1723
What are the prime factors of 2283290?
2, 5, 41, 5569
List the prime factors of 323344.
2, 7, 2887
List the prime factors of 3976173.
3, 441797
List the prime factors of 34959.
3, 43, 271
List the prime factors of 1142318.
2, 19, 23, 1307
List the prime factors of 2242886.
2, 1121443
What are the prime factors of 684312?
2, 3, 28513
List the prime factors of 8386593.
3, 17, 164443
List the prime factors of 3791219.
3791219
What are the prime factors of 425636?
2, 97, 1097
What are the prime factors of 5500335?
3, 5, 23, 107, 149
What are the prime factors of 2005882?
2, 59, 89, 191
What are the prime factors of 801506?
2, 400753
List the prime factors of 347563.
347563
List the prime factors of 2992132.
2, 11, 13, 5231
What are the prime factors of 77601?
3, 25867
List the prime factors of 6385842.
2, 3, 149, 2381
List the prime factors of 9637311.
3, 31, 173, 599
List the prime factors of 20841259.
20841259
List the prime factors of 567739.
19, 29881
What are the prime factors of 75951?
3, 29, 97
List the prime factors of 4551977.
521, 8737
What are the prime factors of 966984?
2, 3, 43, 937
What are the prime factors of 16817300?
2, 5, 43, 3911
List the prime factors of 4182232.
2, 139, 3761
List the prime factors of 3526870.
2, 5, 31, 367
List the prime factors of 4462354.
2, 13, 171629
List the prime factors of 3093192.
2, 3, 42961
List the prime factors of 203879.
13, 15683
What are the prime factors of 281787?
3, 11, 8539
What are the prime factors of 326989?
13, 25153
What are the prime factors of 1252451?
1252451
What are the prime factors of 210149?
31, 6779
List the prime factors of 8578657.
193, 44449
What are the prime factors of 4359097?
59, 73883
What are the prime factors of 3821338?
2, 1910669
List the prime factors of 103622.
2, 197, 263
What are the prime factors of 1038262?
2, 519131
List the prime factors of 226397.
226397
What are the prime factors o